ommon factor of 1428 and 3808?
476
Calculate the highest common divisor of 20618 and 1521.
169
Calculate the greatest common divisor of 184806 and 126.
18
What is the greatest common divisor of 4394 and 8450?
338
Calculate the greatest common factor of 3 and 45024.
3
What is the greatest common divisor of 6920 and 1384?
1384
What is the greatest common divisor of 712196 and 228?
76
What is the highest common divisor of 1780 and 980?
20
Calculate the highest common divisor of 328 and 39114.
82
Calculate the greatest common divisor of 1407 and 1260.
21
What is the greatest common factor of 140 and 670?
10
Calculate the greatest common divisor of 508 and 5461.
127
What is the greatest common divisor of 3477 and 16112?
19
Calculate the highest common divisor of 224 and 19936.
224
What is the greatest common divisor of 10380 and 40?
20
What is the highest common factor of 168 and 178150?
14
Calculate the greatest common factor of 2305 and 105569.
461
Calculate the highest common divisor of 33182 and 6354.
706
What is the greatest common divisor of 8495 and 3409893?
1699
What is the greatest common factor of 1150 and 6808?
46
What is the highest common factor of 414 and 2466?
18
Calculate the greatest common factor of 1595 and 81490.
145
Calculate the highest common divisor of 11704 and 42658.
154
What is the highest common divisor of 42536 and 104?
104
What is the greatest common divisor of 34091 and 467?
467
Calculate the greatest common divisor of 8734 and 1606.
22
Calculate the highest common factor of 28416 and 333.
111
Calculate the greatest common divisor of 475659 and 669.
669
What is the highest common factor of 165 and 252351?
33
Calculate the highest common divisor of 477625 and 250.
125
Calculate the highest common factor of 1402614 and 198.
18
What is the highest common factor of 1037 and 57103?
17
Calculate the greatest common factor of 120540 and 330.
30
Calculate the greatest common factor of 749697 and 705.
141
Calculate the greatest common factor of 985 and 2734360.
985
What is the greatest common divisor of 295244 and 1736?
124
What is the greatest common factor of 890445 and 435?
435
What is the greatest common factor of 6287865 and 30?
15
What is the highest common divisor of 922720 and 8?
8
Calculate the greatest common divisor of 6848 and 1472.
64
What is the greatest common divisor of 378 and 1162?
14
What is the greatest common factor of 58029 and 276?
69
What is the highest common divisor of 9 and 176829?
3
Calculate the highest common factor of 53748 and 120.
12
What is the greatest common divisor of 1328 and 252?
4
What is the highest common factor of 34176 and 1200?
48
Calculate the highest common divisor of 1180 and 45.
5
Calculate the highest common factor of 46872 and 672.
168
Calculate the highest common divisor of 306 and 29580.
102
Calculate the highest common factor of 3072 and 372864.
384
Calculate the greatest common divisor of 1233075 and 5125.
1025
What is the greatest common factor of 93961 and 403?
31
What is the highest common factor of 13589 and 127?
127
Calculate the highest common divisor of 145627 and 642.
107
What is the greatest common factor of 19716 and 1590?
318
Calculate the greatest common factor of 251 and 657620.
251
What is the highest common factor of 245 and 278810?
245
What is the greatest common factor of 1131 and 2064075?
1131
What is the highest common factor of 29687 and 140?
7
What is the greatest common divisor of 6787 and 13288?
11
What is the greatest common divisor of 910 and 792155?
455
What is the greatest common factor of 796 and 207358?
398
What is the greatest common divisor of 13511272 and 8?
8
Calculate the greatest common factor of 7279 and 48459.
29
Calculate the greatest common factor of 330447 and 458.
229
Calculate the greatest common factor of 299 and 99983.
13
Calculate the highest common factor of 2618058 and 12.
6
What is the highest common factor of 670 and 19966?
134
Calculate the greatest common divisor of 580 and 1013956.
116
What is the greatest common factor of 1134 and 213678?
162
What is the highest common divisor of 58242 and 119?
17
What is the greatest common factor of 56 and 172984?
56
Calculate the highest common factor of 345 and 3285.
15
Calculate the highest common factor of 54 and 2264.
2
What is the highest common factor of 34 and 7885518?
34
What is the highest common divisor of 294 and 1572851?
49
What is the highest common factor of 795 and 320?
5
What is the highest common divisor of 17766 and 14364?
378
What is the greatest common factor of 594048 and 182?
182
What is the highest common divisor of 534926 and 1330?
266
Calculate the highest common divisor of 1367183 and 893.
893
Calculate the greatest common divisor of 713380 and 80.
20
Calculate the highest common divisor of 9 and 21266307.
9
Calculate the highest common divisor of 4802 and 8162.
14
What is the highest common divisor of 76 and 528504?
76
What is the highest common factor of 1980368 and 832?
208
Calculate the greatest common divisor of 94 and 1622534.
94
What is the highest common divisor of 201 and 79127?
67
What is the highest common factor of 37752 and 1248?
312
What is the greatest common factor of 142359 and 42?
21
Calculate the greatest common factor of 72 and 53685.
9
What is the highest common divisor of 64 and 1067552?
32
What is the highest common divisor of 144550 and 980?
490
What is the greatest common factor of 1561 and 1393?
7
What is the greatest common divisor of 11635 and 43497?
179
What is the highest common factor of 131191 and 17561?
1033
What is the highest common factor of 3354 and 507?
39
Calculate the highest common factor of 658 and 2478.
14
Calculate the highest common divisor of 618 and 92391.
309
Calculate the greatest common divisor of 261 and 239859.
261
Calculate the greatest common factor of 744 and 81.
3
Calculate the greatest common factor of 254 and 149225.
127
What is the greatest common divisor of 7290 and 59049?
729
What is the greatest common factor of 76 and 49001?
19
Calculate the highest common factor of 61 and 45.
1
What is the highest common divisor of 4082 and 2444?
26
What is the highest common factor of 29439 and 99?
9
What is the greatest common divisor of 3766 and 1162?
14
What is the greatest common divisor of 170143 and 29?
29
What is the greatest common factor of 413 and 1351?
7
Calculate the highest common divisor of 3500 and 5000.
500
Calculate the greatest common divisor of 75820 and 4014.
446
What is the greatest common factor of 5401 and 539?
11
What is the greatest common factor of 1260 and 441?
63
What is the highest common divisor of 711 and 2620509?
237
Calculate the highest common divisor of 69628 and 676.
676
What is the greatest common factor of 9 and 5553?
9
Calculate the greatest common divisor of 25 and 9830.
5
Calculate the highest common factor of 103 and 1.
1
What is the highest common divisor of 15350 and 190?
10
Calculate the greatest common divisor of 183040 and 2665.
65
What is the highest common divisor of 128916 and 558?
18
What is the highest common divisor of 81105 and 15?
15
Calculate the greatest common divisor of 222 and 1013763.
111
What is the greatest common divisor of 1914 and 522?
174
What is the greatest common divisor of 16 and 20756?
4
What is the greatest common factor of 15 and 139296?
3
Calculate the highest common divisor of 992 and 214086.
62
What is the greatest common divisor of 113803 and 317?
317
What is the highest common divisor of 28602 and 227?
227
What is the highest common factor of 618072 and 224?
56
Calculate the greatest common factor of 98 and 507542.
98
What is the highest common divisor of 932 and 19?
1
What is the highest common divisor of 330 and 2442?
66
What is the highest common factor of 526269 and 11271?
867
Calculate the greatest common factor of 990 and 426074.
22
Calculate the highest common factor of 559 and 187057.
13
What is the highest common divisor of 448026 and 178?
178
Calculate the greatest common factor of 48612 and 4.
4
What is the greatest common factor of 1398 and 330?
6
Calculate the highest common factor of 29661 and 6.
3
What is the highest common factor of 330 and 24530?
110
What is the highest common factor of 25 and 73?
1
Calculate the